24536757
In base 16, what is -18f3e + -4d?
-18f8b
In base 8, what is -413542 - -112?
-413430
In base 6, what is 15132100 + -1220?
15130440
In base 5, what is -423 - -1033443?
1033020
In base 3, what is 12120 + 2212002221?
2212022111
In base 11, what is -8090216 - -11?
-8090205
In base 15, what is 12a58b + -23?
12a568
In base 3, what is 11111021 - 110202101?
-22021010
In base 10, what is 836590208 + -5?
836590203
In base 5, what is 20 - 430232404?
-430232334
In base 8, what is 3 - -4340414?
4340417
In base 10, what is -6631 + 931?
-5700
In base 4, what is -123 + -103031332110?
-103031332233
In base 15, what is -13 - d4a90?
-d4aa3
In base 11, what is -299a - -35a96?
330a7
In base 9, what is -12 - -11802171?
11802158
In base 11, what is -2a7 + 2103?
1907
In base 13, what is -962a + 238?
-93c2
In base 11, what is 71a1605 + -3?
71a1602
In base 7, what is -12621 + 162325?
146404
In base 8, what is 145 + -7402703?
-7402536
In base 12, what is -3 - -20a620?
20a619
In base 5, what is -111311 - 1300133?
-1411444
In base 4, what is 232122101121 + 1123?
232122102310
In base 6, what is -505 - -12234033?
12233124
In base 2, what is -10101001110110100 + -100000001?
-10101010010110101
In base 2, what is 1100101111110101 + -1001011010011?
1011100100100010
In base 11, what is 1 + -4520879?
-4520878
In base 10, what is 7048 - -18261?
25309
In base 13, what is -889c383 + 0?
-889c383
In base 9, what is 2 - 154340773?
-154340771
In base 14, what is -82 + -3ba838?
-3ba8ba
In base 7, what is 26456 - -36005?
65464
In base 9, what is 145 - -265212?
265357
In base 6, what is 1042302115 + -130?
1042301545
In base 7, what is 100612 - 365?
100214
In base 9, what is 18107 + 26505?
45613
In base 8, what is -7635112 + 37?
-7635053
In base 9, what is 4 - -44771700?
44771704
In base 9, what is 4834 - -17662?
23606
In base 13, what is 8968 + -53?
8915
In base 4, what is 132 + 2003203121133?
2003203121331
In base 9, what is -10 + 16780110?
16780100
In base 9, what is -465 - 266330?
-266805
In base 5, what is -34441014 - 1331?
-34442400
In base 15, what is 66 + 51cc17?
51cc7d
In base 13, what is 194 - 1889c?
-18708
In base 7, what is 113143 - 460?
112353
In base 7, what is -246446 + 4?
-246442
In base 12, what is -1 - a4a43b?
-a4a440
In base 6, what is -5205 - -25355?
20150
In base 6, what is 2 - 534554345?
-534554343
In base 13, what is -138509c7 - -5?
-138509c2
In base 13, what is -208 - 17669?
-17874
In base 11, what is -3 + -50055328?
-50055330
In base 15, what is 4 + -4a6ae4?
-4a6ae0
In base 7, what is -310042216 + 33?
-310042153
In base 12, what is -1 - 8308bb?
-830900
In base 3, what is -2220210111221120 + -2?
-2220210111221122
In base 11, what is -6363 + -676?
-6a29
In base 10, what is 40813248 - 0?
40813248
In base 11, what is -225 - 507783?
-5079a8
In base 5, what is 0 + 1011114341?
1011114341
In base 3, what is 1210 - 120210200222021?
-120210200220111
In base 2, what is -10011001 + -10010000010001100?
-10010000100100101
In base 5, what is 214404 - 423032?
-203123
In base 9, what is 21640 - 14324?
6315
In base 5, what is 20143 - 3320402?
-3300204
In base 3, what is 2 + -11021101012220?
-11021101012211
In base 14, what is -2 + 2b70c4b7?
2b70c4b5
In base 15, what is -d - -8ed97?
8ed89
In base 8, what is -2043764 + -454?
-2044440
In base 7, what is -253255 - 4134?
-260422
In base 7, what is -4246560 + -51?
-4246641
In base 7, what is 51535 + 555511?
640346
In base 9, what is 34856 - -4665?
40632
In base 3, what is -220020201210 - -2011?
-220020122122
In base 13, what is -6 - -b619786?
b619780
In base 5, what is -12234011 - 20?
-12234031
In base 10, what is -106527163 - -5?
-106527158
In base 5, what is 3230133002 - 20?
3230132432
In base 10, what is 42911092 + 1?
42911093
In base 2, what is -10010000110010 - -10011100111111?
1100001101
In base 13, what is 3 + -64b078?
-64b075
In base 15, what is -76a - -99e?
234
In base 7, what is -2041224 + 416?
-2040505
In base 2, what is -1001010111 + 110010100000110?
110001010101111
In base 6, what is -524232 - -1254?
-522534
In base 10, what is 9 + -235227?
-235218
In base 6, what is -2 + -10003140251?
-10003140253
In base 10, what is 260076 - 14?
260062
In base 9, what is 12650 - -1578?
14338
In base 7, what is -5 - 22232121?
-22232126
In base 2, what is 1100100101100010101101101 + -101?
1100100101100010101101000
In base 8, what is -145743 - -261?
-145462
In base 14, what is 1 + -156d4d13?
-156d4d12
In base 10, what is -18286 + -2452?
-20738
In base 9, what is 38572436 + -2?
38572434
In base 8, what is -1664367566 - 2?
-1664367570
In base 15, what is 3 + 2227034a?
2227034d
In base 9, what is -2612208 + -12?
-2612221
In base 10, what is -43 + 495845?
495802
In base 3, what is -1002000021101122201 + -10?
-1002000021101122211
In base 3, what is 1022110 - -1002220222100?
1002222021210
In base 4, what is 22122122213 + 311?
22122123130
In base 13, what is -647 - -82a6?
795c
In base 6, what is -10454111023 + -3?
-10454111030
In base 15, what is d + -689292?
-689284
In base 12, what is 9192 + -123?
906b
In base 2, what is 110 + -111110001010111111010100?
-111110001010111111001110
In base 11, what is -14 + -63423521?
-63423535
In base 15, what is -10c7 + -810?
-18d7
In base 14, what is -cd5 - -1664?
76d
In base 5, what is 1032003 - 10240?
1021213
In base 3, what is 2020201222121110121 + 0?
2020201222121110121
In base 12, what is -12b61 - -a3a6?
-4777
In base 5, what is 1411224441 + 211?
1411230202
In base 6, what is -1 - -112425224?
112425223
In base 11, what is -135a57163 + -3?
-135a57166
In base 13, what is -88814a4 + 10?
-8881494
In base 5, what is 0 - 2242311044?
-2242311044
In base 2, what is -1 - -100100111001100010101001111?
100100111001100010101001110
In base 10, what is 0 - -20176042?
20176042
In base 6, what is 10220424 - -1331?
10222155
In base 16, what is -1a9 - -8b013?
8ae6a
In base 2, what is 1110000110111 + 101110011100?
10011111010011
In base 8, what is -14050233 - 50?
-14050303
In base 7, what is -1035 - 1634043?
-1635111
In base 13, what is -3a6ab650 - 0?
-3a6ab650
In base 8, what is -417 - 5736313?
-5736732
In base 2, what is 11101 - 111100101000101?
-111100100101000
In base 4, what is 32030 - 1103202331?
-1103110301
In base 9, what is -6644 + -26081?
-33735
In base 11, what is -504 + 1074a?
10246
In base 8, what is 13247 - 24570?
-11321
In base 2, what is 11001100101 - -1010110000111?
1101111101100
In base 14, what is 2 + -1a0b073?
-1a0b071
In base 6, what is 111332312233 - -1?
111332312234
In base 10, what is -5496121 - 1?
-5496122
In base 15, what is -b - -8a611?
8a605
In base 3, what is -11120112112111 + 102020?
-11120112010021
In base 13, what is 2987ac - 4?
2987a8
In base 8, what is 52 + 624733?
625005
In base 13, what is -6 - 6c6271?
-6c6277
In base 16, what is -9aa57d0 - -4?
-9aa57cc
In base 12, what is -a + 3857546?
3857538
In base 12, what is -495 + -3527?
-3a00
In base 15, what is -c1713 - 2?
-c1715
In base 4, what is -210302112 - -12232?
-210223220
In base 14, what is -19c3c + -ac?
-19d0a
In base 3, what is -1220 + 1200010102212110?
1200010102210120
In base 11, what is 6286 + -32593?
-27308
In base 7, what is -5040 + 14322?
6252
In base 5, what is 12 + 1230134330?
1230134342
In base 6, what is 0 + -5143522424?
-5143522424
In base 10, what is -12472926 - -35?
-12472891
In base 12, what is -1766235 + -6?
-176623b
In base 9, what is -3154 + -821?
-4075
In base 9, what is 5 + 10333244?
10333250
In base 8, what is 1 + -262001432?
-262001431
In base 3, what is 0 + -1211111221110?
-1211111221110
In base 14, what is 1757388d5 - -3?
1757388d8
In base 3, what is 1012 - 1002101101020?
-1002101100001
In base 6, what is -125001551 + -10?
-125002001
In base 5, what is 241320 - 34441?
201324
In base 8, what is -311 - -57215?
56704
In base 8, what is 3 + 310624146?
310624151
In base 5, what is 1322 + 1033131?
1040003
In base 5, what is 11212142021 - 1?
11212142020
In base 5, what is 2222342304211 - 10?
2222342304201
In base 15, what is bd1c6 - -421?
bd5e7
In base 5, what is -433 - -3220002?
3214014
In base 15, what is 1ec9 - -2b946?
2d920
In base 13, what is -100a71654 - 5?
-100a71659
In base 14, what is -600c + 186a?
-4582
In base 12, what is 5 - -18425011?
18425016
In base 8, what is 104702572 + -17?
104702553
In base 15,